). What is the greatest common divisor of u and 264?
24
Suppose 0 = 3*c - 15. Calculate the highest common divisor of c and 25.
5
Let m = -53 - -77. Calculate the greatest common factor of 168 and m.
24
Let x be ((-5)/(-2))/((-2)/(-4)). Suppose -3*a + c + 64 = x*c, -4*c = -2*a + 56. What is the highest common divisor of a and 60?
12
Let t = 68 - 46. Let o = -435 + 752. Suppose -13 = -3*u + o. What is the highest common factor of u and t?
22
Let a(g) = g**3 + 6*g**2 - g + 4. Let v be a(-6). Suppose -l = -3*l + v. Suppose -l*m - 8 = -28. Calculate the highest common divisor of 32 and m.
4
Let q(a) = 2*a - 2. Let c be q(5). Let d = 12 - c. Suppose 5*v = 2*m + 13, 0 = 5*m - d*v + 5*v - 8. Calculate the greatest common factor of 1 and m.
1
Suppose -5*r + k = -91, -2*k + 6*k + 4 = 0. Calculate the highest common divisor of 12 and r.
6
Let c be (-4)/3*9/(-2). Let a = c + 10. What is the greatest common divisor of a and 16?
16
Let d(r) be the second derivative of r**3 + 7*r**2 + 4*r. Let u be d(5). What is the highest common factor of u and 22?
22
Suppose 0 = 6*i - 24 - 372. Suppose u = -g + 11, 3*u - 5*u = -2*g - 2. What is the greatest common divisor of u and i?
6
Let m be (3 - -1)*-1*-5. Suppose -h - m = -3*h. What is the highest common divisor of h and 70?
10
Let a be 6/14 - ((-2931)/21 + 0). What is the highest common factor of a and 20?
20
Let k(p) = 18*p - 4. Let q be k(3). Suppose -r + 6*r = q. Calculate the greatest common factor of r and 20.
10
Let o be (-1)/3 + 660/36. Calculate the highest common factor of 72 and o.
18
Let g(v) = -v**3 + v**2 + 7*v + 6. Let h be g(-3). Let p(l) = -l**3 - 4*l**2 + 2*l + 6. Let k be p(-5). Calculate the highest common divisor of k and h.
21
Suppose 2*m + 2*m = -g + 2, 0 = -g - 2*m + 10. What is the greatest common factor of g and 45?
9
Let p(t) = -t**3 + t + 6. Let y be p(0). Suppose -3*k + 66 = -2*k. What is the highest common divisor of k and y?
6
Let y be (-2 - -10)/((-2)/2). Let v = y - -25. What is the greatest common divisor of v and 119?
17
Let s(m) = -m**2 - 11*m + 14. Let g be -2*4 - 0 - 2. Let r be s(g). What is the greatest common factor of 12 and r?
12
Suppose 5*p = -6*p + 231. Calculate the greatest common divisor of p and 42.
21
Let m(k) = k**2 + 7*k - 13. Let n be m(-9). What is the greatest common divisor of n and 2?
1
Suppose a + 7 = -3. Let b = a + 109. What is the greatest common divisor of b and 9?
9
Let r(b) be the second derivative of -b**4/12 - b**3/3 - b**2/2 - 2*b. Let t be r(-2). Let v be -10*t/2 - 0. Calculate the greatest common factor of 5 and v.
5
Let x(n) = -17*n - 4. Let a be x(10). Let h = -97 - a. Let p = 36 - 25. Calculate the greatest common divisor of h and p.
11
Let n be (-2)/((-60)/(-16) + -4). Calculate the greatest common divisor of 16 and n.
8
Suppose 120 = 5*r - 20. Let z(o) = o**2 + 3*o - 4. Let k be z(-6). Calculate the highest common divisor of r and k.
14
Let a(l) = -l**2 - 8*l - 9. Let p be 1 - (2*4 + -1). Let s be a(p). Suppose 5*y - 140 = s*y. What is the greatest common divisor of y and 10?
10
Suppose -13 + 7 = -2*j. Suppose -16 = 4*a, -a = -j*i + a + 41. Calculate the greatest common factor of 55 and i.
11
Suppose -5*v + 1 + 29 = -5*g, -6 = 2*v + 4*g. Suppose 2*b + z = 7*b - 9, 12 = -v*z. Let h be 100 + b + -1 + -1. What is the highest common factor of h and 9?
9
Suppose 0 = 3*z - 6 - 0. Suppose -3 = -4*f - 5*g, -4*g = -0*f + z*f. What is the greatest common divisor of f and 10?
2
Let o(f) = -9*f + 2. Let l be o(-2). Let d(c) = -c - 2. Let k be d(-2). Suppose q + q - l = k. Calculate the highest common divisor of 2 and q.
2
Let m be -1*(-6)/(9/(-3)). Let x be (-130)/(m*(-1 - -2)). What is the highest common factor of x and 26?
13
Let k(l) = l**2 - 3*l. Let m be k(4). Suppose -p = -5*v - 95, -v - m*v = -5*p + 535. Calculate the greatest common divisor of p and 22.
22
Let k = 8 - 5. Suppose -2*g - k*g + 30 = 0. Let z = 193 + -127. Calculate the highest common divisor of z and g.
6
Let k(t) = 3*t - 3 + t - 3*t. Let r be k(-3). Let y be 16/r*9/(-1). Calculate the highest common divisor of 3 and y.
3
Let i = 44 + -9. Suppose -6*u = -3*u - 9, 0 = -2*h - 4*u + 26. What is the greatest common factor of h and i?
7
Let l = 6 - 1. Calculate the greatest common divisor of l and 2.
1
Let t be 2/6*(3 + 3). Suppose 4*a - w + 12 = -t*w, -5*a = -4*w + 15. Let d be a/(-7) + 92/14. Calculate the highest common divisor of 49 and d.
7
Suppose 2*h - 4*h = -202. Let m = 146 - h. Suppose 2*b + 45 = 5*b. What is the greatest common factor of b and m?
15
Suppose 0 = 2*m + m - 69. Suppose o + m = 2*o. Let w be (23/(-2))/(3/(-6)). What is the greatest common divisor of o and w?
23
Let o be (-11)/(-5) + ((-16)/5 - -3). Calculate the greatest common factor of 9 and o.
1
Let t(a) = a**3 - 8*a**2 - 3*a + 32. Let f be t(8). Calculate the highest common factor of f and 64.
8
Suppose 0 = -15*f - f + 32. Let s be (-1)/1 - 338/(-2). Suppose t + 44 = k, 0*k = -4*k + f*t + s. Calculate the highest common factor of k and 16.
8
Suppose -4*o + 2 = -4*l + 14, 3*l = 5*o + 11. Suppose 0 = q - l*q - 4*n - 8, -11 = q + 5*n. Suppose 4*u = 1 + 7. What is the greatest common divisor of u and q?
2
Let i = 32 + 10. Calculate the greatest common factor of i and 18.
6
Let o = -9 - -20. Let f(n) = -n + 11. Let r be f(9). Let p be 24 - 7/(7/r). What is the highest common divisor of p and o?
11
Suppose -4*d + 3*g = 5*g + 4, d + 5*g = -10. Let x be (0 - (-3 + d)) + 48. What is the greatest common factor of 34 and x?
17
Let a(w) = 5*w + 3*w**2 - 2*w**2 - 7*w + 4*w**2. Let n be a(-5). Calculate the highest common factor of 27 and n.
27
Let l be ((-177)/15 + 5/(-25))/(-1). What is the greatest common divisor of l and 108?
12
Let i = 19 + 2. Let z(g) = -3 + 11*g - 4 - 3 - g**2. Let q be z(8). Calculate the greatest common divisor of q and i.
7
Let c be 2 - -1 - 4/(12/(-117)). What is the highest common factor of c and 6?
6
Suppose -5*q + 10 = k - 3*k, -q = 4*k - 24. Suppose 41 = 2*p + k. Calculate the highest common factor of p and 126.
18
Let o be 10965/27 + 1/(-9). What is the greatest common divisor of o and 58?
58
Suppose 0 = 5*g - 713 + 193. Calculate the highest common divisor of 13 and g.
13
Suppose -188 = 2*s - 6*s. Let w = 98 - s. What is the greatest common divisor of w and 17?
17
Let h(b) = -3*b + 3. Suppose 4*w = -4*c - 28, -3*c - 15 + 3 = 0. Let p be h(w). Suppose 3*z = 16 + 38. What is the greatest common factor of p and z?
6
Let w(g) = 6*g + 5*g**2 + 5 + 2 + 3*g**2 + g**3. Let y be w(-7). Calculate the highest common factor of 154 and y.
14
Suppose -2*v + 5*f = -163, 2*v + 5*f + 0*f - 173 = 0. Suppose 24 = -3*g + v. What is the highest common factor of g and 220?
20
Suppose 236 = 4*g - 160. Let v = g + -22. Calculate the highest common factor of 11 and v.
11
Let n(m) be the first derivative of 19*m**3/3 - m**2 + m - 1. Let c be n(1). Let d be 39*(-2)/(c/(-3)). What is the highest common divisor of 52 and d?
13
Let l(p) = p - 1. Let u(k) = 6*k + 8. Let h(q) = -5*l(q) + u(q). Let d be h(-8). Suppose 2*y = 7 + 3. What is the greatest common divisor of d and y?
5
Suppose 5*n = 7*g - 4*g - 14, -5*g - n + 42 = 0. Let x be (-2 - (1 - 1)) + 1. Let h be 2 + 1/x + 87. What is the greatest common factor of g and h?
8
Suppose -3*r + 18 + 6 = 0. Let w be (19/2)/((-6)/12). Let v = w + 31. What is the highest common factor of v and r?
4
Let k be -7 + 8 + 5 - (-4)/(-1). Calculate the highest common factor of k and 26.
2
Let q be 63/(-6)*12/(-7). Suppose -3*i = -83 + 2. Calculate the highest common factor of i and q.
9
Suppose f + f - 56 = 0. Suppose -5*p + 75 = 5*u, -4*p + 0*p + 5*u = -51. Calculate the highest common factor of p and f.
14
Let r(t) = -t**3 + 7*t**2 - 8*t - 7. Let z be r(5). Calculate the highest common divisor of z and 57.
3
Let t(d) = -2*d**3 + d**2 + 5*d + 2. Let u(z) = z + 2. Suppose -20 = 3*m - 5. Let f be u(m). Let n be t(f). What is the highest common factor of n and 10?
10
Let c = 12 - 41. Let a = 41 + c. Let x(h) = 13*h - 5. Let t be x(5). Calculate the highest common factor of a and t.
12
Let d be -1 + 1 - 374/(-11). What is the greatest common divisor of 51 and d?
17
Let x = 18 - -6. Let w = 12 - 10. Let y(j) = 4*j. Let z be y(w). What is the highest common factor of z and x?
8
Suppose -